{"id":6325,"date":"2024-08-08T12:11:34","date_gmt":"2024-08-08T12:11:34","guid":{"rendered":"https:\/\/npmin.org\/?post_type=resources&#038;p=6325"},"modified":"2024-08-08T12:30:46","modified_gmt":"2024-08-08T12:30:46","slug":"session-4","status":"publish","type":"resources","link":"https:\/\/npmin.org\/tr\/resources\/session-4\/","title":{"rendered":"4. Oturum"},"content":{"rendered":"<h5 class=\"wp-block-heading\">Mika 5:2<\/h5>\n\n\n\n<p>\u201c<q>Ama sen, Beytlehem Efrata, Yahuda'n\u0131n binlercesi aras\u0131nda k\u00fc\u00e7\u00fck olsan da, \u0130srail'e \u00f6nderlik edecek Olan, ezelden beri, sonsuza dek senden \u00e7\u0131kacak.<\/q>\u201c<\/p>\n\n\n\n<p><em>Mesih Beytlehem'de do\u011facakt\u0131 (Bkz. Luka 2:1-7)<\/em><\/p>\n\n\n\n<hr class=\"wp-block-separator has-alpha-channel-opacity\"\/>\n\n\n\n<h5 class=\"wp-block-heading\">Ye\u015faya 7:14<\/h5>\n\n\n\n<p>\u201c<q>Bu nedenle Rab'bin kendisi size bir belirti verecektir: \u0130\u015fte, bakire gebe kal\u0131p bir O\u011ful do\u011furacak ve O'nun ad\u0131n\u0131 \u0130mmanuel koyacak.<\/q>\u201c<\/p>\n\n\n\n<p><em>Mesih bir bakireden do\u011facakt\u0131 (Bkz. Matta 1:23)<\/em><\/p>\n\n\n\n<hr class=\"wp-block-separator has-alpha-channel-opacity\"\/>\n\n\n\n<h5 class=\"wp-block-heading\">Yarat\u0131l\u0131\u015f 49:8-10<\/h5>\n\n\n\n<p>\u201c<q>Yahuda, karde\u015flerinin \u00f6vece\u011fi ki\u015fi sensin; Elin d\u00fc\u015fmanlar\u0131n\u0131n boynunda olacak; Baban\u0131n \u00e7ocuklar\u0131 \u00f6n\u00fcnde e\u011filecek. Yahuda bir aslan yavrusudur; Avdan \u00e7\u0131kt\u0131n o\u011flum, y\u00fckseldin. Aslan gibi e\u011filir, yatar; Aslan gibi, onu kim uyand\u0131racak? \u015eilo gelinceye dek Asa Yahuda'dan, Yasa koyucu ayaklar\u0131n\u0131n aras\u0131ndan ayr\u0131lmayacak; Halklar O'na itaat edecek.<\/q>\u201c<\/p>\n\n\n\n<p><em>Mesih'in soyu Yahuda'ya dayanacakt\u0131r (Bkz. Luka 1:30-32).<\/em><\/p>\n\n\n\n<hr class=\"wp-block-separator has-alpha-channel-opacity\"\/>\n\n\n\n<h5 class=\"wp-block-heading\">Say\u0131lar 24:17<\/h5>\n\n\n\n<p><q>\u201cO'nu g\u00f6r\u00fcyorum, ama yak\u0131n de\u011fil; Yakup'tan bir Y\u0131ld\u0131z \u00e7\u0131kacak, \u0130srail'den bir Asa y\u00fckselecek, Moav'\u0131n aln\u0131na vuracak ve t\u00fcm karga\u015fa o\u011fullar\u0131n\u0131 yok edecek.<\/q>\u201c<\/p>\n\n\n\n<p><em>Yahuda'dan \u00e7\u0131kan bir y\u0131ld\u0131z O'nun geli\u015fini m\u00fcjdeleyecekti (Bkz. Matta 2:1,2)<\/em><\/p>\n\n\n\n<hr class=\"wp-block-separator has-alpha-channel-opacity\"\/>\n\n\n\n<h5 class=\"wp-block-heading\">Ye\u015faya 61:1-3<\/h5>\n\n\n\n<p>\u201c<q>Rab Tanr\u0131'n\u0131n ruhu \u00fczerimdedir, \u00e7\u00fcnk\u00fc Rab yoksullara m\u00fcjde vermem i\u00e7in beni meshetti; kalbi k\u0131r\u0131klara \u015fifa vermem, tutsaklara \u00f6zg\u00fcrl\u00fck, ba\u011fl\u0131lara hapishanenin a\u00e7\u0131laca\u011f\u0131n\u0131 duyurmam, Rab'bin kabul y\u0131l\u0131n\u0131, Tanr\u0131m\u0131z'\u0131n \u00f6\u00e7 g\u00fcn\u00fcn\u00fc ilan etmem i\u00e7in beni g\u00f6nderdi; Siyon'da yas tutanlar\u0131 teselli etmek, onlara k\u00fcl i\u00e7in g\u00fczellik, yas i\u00e7in sevin\u00e7 ya\u011f\u0131, a\u011f\u0131r ruh i\u00e7in \u00f6vg\u00fc giysisi vermek i\u00e7in; do\u011fruluk a\u011fa\u00e7lar\u0131, Rab'bin planlar\u0131 olarak adland\u0131r\u0131ls\u0131nlar, O y\u00fcceltilsin diye.<\/q>\u201c<\/p>\n\n\n\n<p><em>Mesih'in hizmeti \u00f6nceden bildirilmi\u015fti (Bkz. Luka 4:16-21)<\/em><\/p>\n\n\n\n<hr class=\"wp-block-separator has-alpha-channel-opacity\"\/>\n\n\n\n<h5 class=\"wp-block-heading\">Mezmur 55:12,13<\/h5>\n\n\n\n<p>\u201c<q>\u00c7\u00fcnk\u00fc beni k\u0131nayan bir d\u00fc\u015fman de\u011fildir; o zaman buna dayanabilirdim. Ne de benden nefret eden biri bana kar\u015f\u0131 kendini y\u00fcceltti; o zaman ondan saklanabilirdim. Ama sen, benim dengim, yolda\u015f\u0131m ve tan\u0131d\u0131\u011f\u0131m bir adams\u0131n.<\/q>\u201c<\/p>\n\n\n\n<p><em>Mesih yak\u0131n bir arkada\u015f\u0131 taraf\u0131ndan ihanete u\u011frayacakt\u0131 (Bkz. Matta 26:47-50)<\/em><\/p>\n\n\n\n<hr class=\"wp-block-separator has-alpha-channel-opacity\"\/>\n\n\n\n<h5 class=\"wp-block-heading\">Zekeriya 11:12,13<\/h5>\n\n\n\n<p>\u201c<q>Ben de onlara, \u201cSizin i\u00e7in uygunsa \u00fccretimi verin, de\u011filse vermeyin\u201d dedim. B\u00f6ylece \u00fccretim i\u00e7in otuz g\u00fcm\u00fc\u015f tartt\u0131lar. Rab bana, \u201cBunu \u00e7\u00f6mlek\u00e7iye at\u201d dedi -bana bi\u00e7tikleri o b\u00fcy\u00fck fiyat\u0131. Ben de otuz g\u00fcm\u00fc\u015f\u00fc al\u0131p \u00e7\u00f6mlek\u00e7i i\u00e7in Rab'bin Tap\u0131na\u011f\u0131'na att\u0131m.<\/q>\u201c<\/p>\n\n\n\n<p><em>Mesih 30 g\u00fcm\u00fc\u015f kar\u015f\u0131l\u0131\u011f\u0131nda ihanete u\u011frayacak ve bu para \u00e7\u00f6mlek\u00e7inin tarlas\u0131n\u0131 sat\u0131n almak i\u00e7in kullan\u0131lacakt\u0131 (Bkz. Matta 27:3-9)<\/em><\/p>\n\n\n\n<hr class=\"wp-block-separator has-alpha-channel-opacity\"\/>\n\n\n\n<h5 class=\"wp-block-heading\">Ye\u015faya 53:4-7<\/h5>\n\n\n\n<p>\u201c<q>Ku\u015fkusuz O bizim kederlerimizi y\u00fcklendi, ac\u0131lar\u0131m\u0131z\u0131 ta\u015f\u0131d\u0131; Ama biz O'nu hasta, Tanr\u0131 taraf\u0131ndan vurulmu\u015f ve ac\u0131 \u00e7ekmi\u015f sayd\u0131k. Ama O bizim su\u00e7lar\u0131m\u0131z y\u00fcz\u00fcnden yaraland\u0131, Su\u00e7lar\u0131m\u0131z y\u00fcz\u00fcnden yaraland\u0131; Esenli\u011fimizin cezas\u0131 O'nun \u00fczerindeydi ve O'nun yaralar\u0131yla iyile\u015ftik. Hepimiz koyunlar gibi yoldan sapt\u0131k; herkes kendi yoluna d\u00f6nd\u00fc; Rab hepimizin su\u00e7unu O'nun \u00fczerine y\u00fckledi. O ezildi ve ac\u0131 \u00e7ekti, ama a\u011fz\u0131n\u0131 a\u00e7mad\u0131; bir kuzu gibi kesime g\u00f6t\u00fcr\u00fcld\u00fc ve k\u0131rk\u0131c\u0131lar\u0131n\u0131n \u00f6n\u00fcnde bir koyun nas\u0131l susarsa, O da a\u011fz\u0131n\u0131 a\u00e7mad\u0131.<\/q>\u201c<\/p>\n\n\n\n<p><em>Mesih bir kuzu gibi (sessiz) kesime g\u00f6t\u00fcr\u00fclecekti (Bkz. Yuhanna 1:29, El\u00e7ilerin \u0130\u015fleri 8:32-35)<\/em><\/p>\n\n\n\n<hr class=\"wp-block-separator has-alpha-channel-opacity\"\/>\n\n\n\n<h5 class=\"wp-block-heading\">Mezmur 22:16<\/h5>\n\n\n\n<p>\u201c<q>\u00c7\u00fcnk\u00fc k\u00f6pekler ku\u015fatt\u0131 beni, K\u00f6t\u00fcler toplulu\u011fu \u00e7epe\u00e7evre sard\u0131 beni. Ayaklar\u0131m\u0131 deldiler;<\/q>\u201c<\/p>\n\n\n\n<p><em>Mesih bizim i\u00e7in delinecekti (Bkz. Luka 23:33, 24:39).<\/em><\/p>\n\n\n\n<hr class=\"wp-block-separator has-alpha-channel-opacity\"\/>\n\n\n\n<h5 class=\"wp-block-heading\"><em>Mezmur 22:1<\/em><\/h5>\n\n\n\n<p>\u201c<q>Tanr\u0131m, Tanr\u0131m, beni neden terk ettin?<\/q>\u201c<\/p>\n\n\n\n<p><em>Mesih'in son s\u00f6zleri, \u201cTanr\u0131m, Tanr\u0131m, beni neden terk ettin?\u201d \u015feklinde olacakt\u0131r. (Bkz. Matta 27:46)<\/em><\/p>\n\n\n\n<hr class=\"wp-block-separator has-alpha-channel-opacity\"\/>\n\n\n\n<h5 class=\"wp-block-heading\">Mezmur 34:20<\/h5>\n\n\n\n<p>\u201c<q>O'nun t\u00fcm kemiklerini korur; hi\u00e7biri k\u0131r\u0131lmaz.<\/q>\u201c<\/p>\n\n\n\n<p><em>Mesih'in kemikleri k\u0131r\u0131lmayacakt\u0131 (Bkz. Yuhanna 19:36)<\/em><\/p>\n\n\n\n<hr class=\"wp-block-separator has-alpha-channel-opacity\"\/>\n\n\n\n<h5 class=\"wp-block-heading\">Ye\u015faya 53:9<\/h5>\n\n\n\n<p>\u201c<q>O'nun mezar\u0131n\u0131 k\u00f6t\u00fclerle birlikte yapt\u0131lar, ama \u00f6l\u00fcm\u00fcnde zenginlerle birlikte oldular. \u00c7\u00fcnk\u00fc O ne \u015fiddet uygulam\u0131\u015ft\u0131, ne de a\u011fz\u0131ndan yalan \u00e7\u0131km\u0131\u015ft\u0131.<\/q>\u201c<\/p>\n\n\n\n<p><em>Mesih zengin bir adam\u0131n mezar\u0131na g\u00f6m\u00fclecekti (Bkz. Matta 27:57-60)<\/em><\/p>\n\n\n\n<hr class=\"wp-block-separator has-alpha-channel-opacity\"\/>\n\n\n\n<h5 class=\"wp-block-heading\">Mezmur 16:10<\/h5>\n\n\n\n<p>\u201c<q>\u00c7\u00fcnk\u00fc Sen ruhumu \u015eeol'de (mezarda) b\u0131rakmayacaks\u0131n, Kutsal Olan'\u0131n \u00e7\u00fcr\u00fcmesine (ya da bozulmas\u0131na) izin vermeyeceksin.<\/q>\u201c<\/p>\n\n\n\n<p><em>Mesih \u00f6l\u00fcmden diriltilecekti (Bkz. Matta 28:2-7)<\/em><\/p>\n\n\n\n<hr class=\"wp-block-separator has-alpha-channel-opacity\"\/>","protected":false},"featured_media":6277,"template":"","meta":{"_acf_changed":true},"class_list":["post-6325","resources","type-resources","status-publish","has-post-thumbnail","hentry"],"acf":[],"_links":{"self":[{"href":"https:\/\/npmin.org\/tr\/wp-json\/wp\/v2\/resources\/6325","targetHints":{"allow":["GET"]}}],"collection":[{"href":"https:\/\/npmin.org\/tr\/wp-json\/wp\/v2\/resources"}],"about":[{"href":"https:\/\/npmin.org\/tr\/wp-json\/wp\/v2\/types\/resources"}],"wp:featuredmedia":[{"embeddable":true,"href":"https:\/\/npmin.org\/tr\/wp-json\/wp\/v2\/media\/6277"}],"wp:attachment":[{"href":"https:\/\/npmin.org\/tr\/wp-json\/wp\/v2\/media?parent=6325"}],"curies":[{"name":"wp","href":"https:\/\/api.w.org\/{rel}","templated":true}]}}

<h5 class="wp-block-heading">Mika 5:2</h5>



<p>“<q>Ama sen, Beytlehem Efrata, Yahuda'nın binlercesi arasında küçük olsan da, İsrail'e önderlik edecek Olan, ezelden beri, sonsuza dek senden çıkacak.</q>“</p>



<p><em>Mesih Beytlehem'de doğacaktı (Bkz. Luka 2:1-7)</em></p>



<hr class="wp-block-separator has-alpha-channel-opacity"/>



<h5 class="wp-block-heading">Yeşaya 7:14</h5>



<p>“<q>Bu nedenle Rab'bin kendisi size bir belirti verecektir: İşte, bakire gebe kalıp bir Oğul doğuracak ve O'nun adını İmmanuel koyacak.</q>“</p>



<p><em>Mesih bir bakireden doğacaktı (Bkz. Matta 1:23)</em></p>



<hr class="wp-block-separator has-alpha-channel-opacity"/>



<h5 class="wp-block-heading">Yaratılış 49:8-10</h5>



<p>“<q>Yahuda, kardeşlerinin öveceği kişi sensin; Elin düşmanlarının boynunda olacak; Babanın çocukları önünde eğilecek. Yahuda bir aslan yavrusudur; Avdan çıktın oğlum, yükseldin. Aslan gibi eğilir, yatar; Aslan gibi, onu kim uyandıracak? Şilo gelinceye dek Asa Yahuda'dan, Yasa koyucu ayaklarının arasından ayrılmayacak; Halklar O'na itaat edecek.</q>“</p>



<p><em>Mesih'in soyu Yahuda'ya dayanacaktır (Bkz. Luka 1:30-32).</em></p>



<hr class="wp-block-separator has-alpha-channel-opacity"/>



<h5 class="wp-block-heading">Sayılar 24:17</h5>



<p><q>“O'nu görüyorum, ama yakın değil; Yakup'tan bir Yıldız çıkacak, İsrail'den bir Asa yükselecek, Moav'ın alnına vuracak ve tüm kargaşa oğullarını yok edecek.</q>“</p>



<p><em>Yahuda'dan çıkan bir yıldız O'nun gelişini müjdeleyecekti (Bkz. Matta 2:1,2)</em></p>



<hr class="wp-block-separator has-alpha-channel-opacity"/>



<h5 class="wp-block-heading">Yeşaya 61:1-3</h5>



<p>“<q>Rab Tanrı'nın ruhu üzerimdedir, çünkü Rab yoksullara müjde vermem için beni meshetti; kalbi kırıklara şifa vermem, tutsaklara özgürlük, bağlılara hapishanenin açılacağını duyurmam, Rab'bin kabul yılını, Tanrımız'ın öç gününü ilan etmem için beni gönderdi; Siyon'da yas tutanları teselli etmek, onlara kül için güzellik, yas için sevinç yağı, ağır ruh için övgü giysisi vermek için; doğruluk ağaçları, Rab'bin planları olarak adlandırılsınlar, O yüceltilsin diye.</q>“</p>



<p><em>Mesih'in hizmeti önceden bildirilmişti (Bkz. Luka 4:16-21)</em></p>



<hr class="wp-block-separator has-alpha-channel-opacity"/>



<h5 class="wp-block-heading">Mezmur 55:12,13</h5>



<p>“<q>Çünkü beni kınayan bir düşman değildir; o zaman buna dayanabilirdim. Ne de benden nefret eden biri bana karşı kendini yüceltti; o zaman ondan saklanabilirdim. Ama sen, benim dengim, yoldaşım ve tanıdığım bir adamsın.</q>“</p>



<p><em>Mesih yakın bir arkadaşı tarafından ihanete uğrayacaktı (Bkz. Matta 26:47-50)</em></p>



<hr class="wp-block-separator has-alpha-channel-opacity"/>



<h5 class="wp-block-heading">Zekeriya 11:12,13</h5>



<p>“<q>Ben de onlara, “Sizin için uygunsa ücretimi verin, değilse vermeyin” dedim. Böylece ücretim için otuz gümüş tarttılar. Rab bana, “Bunu çömlekçiye at” dedi -bana biçtikleri o büyük fiyatı. Ben de otuz gümüşü alıp çömlekçi için Rab'bin Tapınağı'na attım.</q>“</p>



<p><em>Mesih 30 gümüş karşılığında ihanete uğrayacak ve bu para çömlekçinin tarlasını satın almak için kullanılacaktı (Bkz. Matta 27:3-9)</em></p>



<hr class="wp-block-separator has-alpha-channel-opacity"/>



<h5 class="wp-block-heading">Yeşaya 53:4-7</h5>



<p>“<q>Kuşkusuz O bizim kederlerimizi yüklendi, acılarımızı taşıdı; Ama biz O'nu hasta, Tanrı tarafından vurulmuş ve acı çekmiş saydık. Ama O bizim suçlarımız yüzünden yaralandı, Suçlarımız yüzünden yaralandı; Esenliğimizin cezası O'nun üzerindeydi ve O'nun yaralarıyla iyileştik. Hepimiz koyunlar gibi yoldan saptık; herkes kendi yoluna döndü; Rab hepimizin suçunu O'nun üzerine yükledi. O ezildi ve acı çekti, ama ağzını açmadı; bir kuzu gibi kesime götürüldü ve kırkıcılarının önünde bir koyun nasıl susarsa, O da ağzını açmadı.</q>“</p>



<p><em>Mesih bir kuzu gibi (sessiz) kesime götürülecekti (Bkz. Yuhanna 1:29, Elçilerin İşleri 8:32-35)</em></p>



<hr class="wp-block-separator has-alpha-channel-opacity"/>



<h5 class="wp-block-heading">Mezmur 22:16</h5>



<p>“<q>Çünkü köpekler kuşattı beni, Kötüler topluluğu çepeçevre sardı beni. Ayaklarımı deldiler;</q>“</p>



<p><em>Mesih bizim için delinecekti (Bkz. Luka 23:33, 24:39).</em></p>



<hr class="wp-block-separator has-alpha-channel-opacity"/>



<h5 class="wp-block-heading"><em>Mezmur 22:1</em></h5>



<p>“<q>Tanrım, Tanrım, beni neden terk ettin?</q>“</p>



<p><em>Mesih'in son sözleri, “Tanrım, Tanrım, beni neden terk ettin?” şeklinde olacaktır. (Bkz. Matta 27:46)</em></p>



<hr class="wp-block-separator has-alpha-channel-opacity"/>



<h5 class="wp-block-heading">Mezmur 34:20</h5>



<p>“<q>O'nun tüm kemiklerini korur; hiçbiri kırılmaz.</q>“</p>



<p><em>Mesih'in kemikleri kırılmayacaktı (Bkz. Yuhanna 19:36)</em></p>



<hr class="wp-block-separator has-alpha-channel-opacity"/>



<h5 class="wp-block-heading">Yeşaya 53:9</h5>



<p>“<q>O'nun mezarını kötülerle birlikte yaptılar, ama ölümünde zenginlerle birlikte oldular. Çünkü O ne şiddet uygulamıştı, ne de ağzından yalan çıkmıştı.</q>“</p>



<p><em>Mesih zengin bir adamın mezarına gömülecekti (Bkz. Matta 27:57-60)</em></p>



<hr class="wp-block-separator has-alpha-channel-opacity"/>



<h5 class="wp-block-heading">Mezmur 16:10</h5>



<p>“<q>Çünkü Sen ruhumu Şeol'de (mezarda) bırakmayacaksın, Kutsal Olan'ın çürümesine (ya da bozulmasına) izin vermeyeceksin.</q>“</p>



<p><em>Mesih ölümden diriltilecekti (Bkz. Matta 28:2-7)</em></p>



<hr class="wp-block-separator has-alpha-channel-opacity"/>
